3)/(-8)). Suppose -57 = -f*u + 23. What is the units digit of u?
0
Let d(g) = 2*g**2 - 4*g + 17. What is the hundreds digit of d(-7)?
1
Let t = -21 - -54. Suppose -3*x = 2*p - t, -3*p = x + x - 42. What is the units digit of p?
2
Let d(i) = -33*i - 54. What is the tens digit of d(-9)?
4
Suppose -5*w + 97 = -4*b, -2*w - b = 2*b - 25. Suppose q = -3*l + w, -2*l = -2*q - 0*l + 2. What is the units digit of q?
5
Let z(a) be the first derivative of 4/3*a**3 + 1 - 6*a - 7/2*a**2 + 1/4*a**4. What is the units digit of z(-5)?
4
Let z(k) = k - 5. Let r be z(0). Let n be r/(-1) - (0 + 3). What is the units digit of n/5 - (-365)/25?
5
Suppose 2*i + 3*i + 3*x = 1, 3*x = -9. Let w be 11 + -2 + 1 + -1. Suppose b = i*b - w. What is the units digit of b?
9
Let n(l) = l + 4. Let v be n(-3). Let w(x) = -x**3 - x**2 + 4*x - 8*x**3 - 5*x - v. What is the units digit of w(-1)?
8
Let x be -1*(-8)/6*3. Suppose -2*p + x*o - 6*o = -18, -16 = -4*o. Let f(n) = -n**3 + 5*n**2 - n + 7. What is the units digit of f(p)?
2
Suppose 3*c + 3*q - 6 = 0, -3*c - 5*q + 10 = -0*q. Suppose -4*d = -c - 4. What is the units digit of d?
1
Suppose 1 = 4*z + 13. Let r = z - -8. What is the units digit of r?
5
What is the units digit of -19*1*5/(-5)?
9
Let w = 7 + 3. Let p = w - 3. What is the units digit of p?
7
Let r be 3/((-4)/(-8) - -1). Let t(p) = -4*p**2 + 7*p - 7. Let y(c) = c**2 - c + 1. Let u(n) = t(n) + 6*y(n). What is the units digit of u(r)?
9
Let a(f) = 7*f - 4. Let p(i) = 6*i - 3. Let n(s) = 4*a(s) - 5*p(s). What is the tens digit of n(-6)?
1
Let u = 13 - -7. What is the units digit of u?
0
Let m(n) = n**2 - 4*n - 5. Let d(b) = -b**2 + 6*b + 1. Let f be d(5). What is the units digit of m(f)?
7
Suppose 0*j + 5*w + 26 = 2*j, -5*w = 4*j + 8. Suppose 59 = j*r + 14. What is the tens digit of r?
1
Let d(z) = 2*z**2 + 11*z + 19. What is the tens digit of d(-7)?
4
Suppose 18 = 5*k + 3. Suppose 4*t - 2 = k*t. What is the units digit of t?
2
Suppose -2*n = 2*g - 12, -14 - 4 = -3*g + 4*n. What is the tens digit of (2 + -11)*(-26)/g?
3
Suppose 5*i - 2*h = 132, 2*i = -2*i - 4*h + 100. What is the tens digit of i?
2
Let x(r) = -5*r**2 + 0*r + 6 + 2*r + 3*r**3 - 4*r**3. Let g be x(-6). What is the units digit of ((-4)/5)/((-4)/g)?
6
Let q(h) = -2*h**2 + 2*h + h**3 + 1 + 4*h**2 - h**2. Let z be q(-1). What is the units digit of z*(0 - (3 - -2))?
5
Suppose -7*m = -4*m - 672. What is the units digit of m?
4
Suppose 0 = l + 3*l + 5*b + 10, -2*l + 3*b = 16. What is the units digit of l/((-20)/(-8)) - -19?
7
What is the units digit of 2 - -1 - (-9 - 70)?
2
Let n(x) = 2 + 6*x + 4*x**2 + 0 - 2*x. Let q be n(-2). Let u = -5 + q. What is the units digit of u?
5
What is the hundreds digit of 150/(-20)*(-366)/9?
3
Suppose 2*r + 4*n - 14 = 0, -3 = -r - 3*n + 1. Let h = -8 + r. What is the units digit of h?
5
Suppose 5*l = 2*l + 5*v + 13, 0 = -v - 5. Let p(q) = q**3 + 7*q**2 + 4*q - 2. What is the tens digit of p(l)?
3
What is the tens digit of (-90)/10*(-23)/1?
0
Suppose -3*n - 10 = -4*n - 3*q, q - 4 = 0. What is the units digit of -1 + 5 + 0/n?
4
Let i(r) = -106*r - 28. What is the hundreds digit of i(-3)?
2
Suppose -20 = -4*t - 0*t. Suppose 0*f + 25 = t*f. Suppose -j = -f*j + 24. What is the units digit of j?
6
Suppose -3*n - z + 27 = -4*z, -z = -4*n + 24. What is the units digit of n?
5
Let y = 28 - -1. What is the units digit of y?
9
Let n(y) = y**2 + 6*y - 12. Let m be n(-12). Let w = -31 + m. What is the units digit of w?
9
What is the units digit of 5/((-15)/57)*-1*2?
8
Let n(r) be the third derivative of r**5/60 - r**3/3 + r**2. Suppose -b + 2*b = 3*g + 10, 0 = 4*b - 4. What is the units digit of n(g)?
7
Suppose 4*a + 5*o = -19 - 9, -16 = 4*a + 2*o. What is the tens digit of (-1)/a - (-50)/4?
1
Suppose 2*o - 33 = 5*o. Let p(k) = -k**2 - 14*k - 5. What is the units digit of p(o)?
8
Suppose -b + 99 = 3*z - 3*b, 5*b + 165 = 5*z. What is the tens digit of z?
3
Let p be (6/(-4))/(6/40). Let t be 1 + 1 + (-2 - p). Suppose 2*s = 4*i + s - 16, t = -2*i + 5*s. What is the units digit of i?
5
Suppose 64 + 626 = 5*z. What is the units digit of z?
8
Let j(s) = s**3 - s**2 + 7*s - 7. What is the hundreds digit of j(6)?
2
Suppose -91 = -h - 0*h - 2*q, 2*q + 395 = 5*h. What is the units digit of h?
1
Suppose 4*n + n - 5 = 5*c, 2*n - 4*c = 4. Suppose -t + 2*t + 42 = n. What is the units digit of (2/3)/((-4)/t)?
7
Suppose 8 = 5*g - 2*r, -5*g - 3*r - 3 + 16 = 0. Suppose -g + 0 = -t. What is the units digit of t?
2
Suppose f + 2*f - 255 = 0. What is the tens digit of f?
8
Suppose 40 = -m + 6*m. What is the units digit of m?
8
Suppose 6*q - 18 = 5*q. What is the units digit of (7/14)/(1/q)?
9
Let v(i) be the first derivative of i**4/4 + 5*i**3/3 + 3*i**2/2 + 3*i - 2. What is the units digit of v(-4)?
7
Let f be -2*(1 - 66/4). Suppose 0*x + 3*x + 4*u - 25 = 0, -4*x = 3*u - f. What is the units digit of x?
7
Suppose 3*m - 3*p - 6 = 0, 33 = 4*m + 3*p - 3. Let v = 27 - m. Let f = -14 + v. What is the units digit of f?
7
Let z(w) = -w**2 + 1. Let r be z(-1). Suppose v = -r*v + a + 10, -a = -3*v + 36. What is the tens digit of v?
1
Let x(z) = z**2 - 2*z + 1. Let n be x(-2). Suppose u = -2*k + n + 7, -k = 5*u - 35. What is the units digit of ((-3)/u)/(2/(-40))?
0
Let b = -10 + 14. Let c be 6/b + 69/6. Let m = c + -8. What is the units digit of m?
5
Let l(n) = -15*n - 5. What is the tens digit of l(-4)?
5
Let n(h) = -h + 16. Let c be n(11). Suppose 0*x - c*x - 55 = -k, 4*k = 4*x + 172. What is the units digit of k?
0
Let k = 5 - 0. Suppose 2 = -k*y + 7, -19 = -s - 5*y. What is the tens digit of s?
1
Let l(c) = 117*c**3 + c**2 + 2*c - 1. What is the units digit of l(1)?
9
Let p = 6 + -2. Suppose -5*t = -2*s - t - 16, p*s + 38 = 2*t. What is the units digit of (-4)/s - 3/(-5)?
1
Let b be -4*4 - (-3 + 5). What is the units digit of b/(-8) + 6/8?
3
Suppose -5 = 3*p + 2*p, 0 = 3*g - 2*p - 17. Suppose -4*t - 3 = g*h - 4, 2*h = -4*t - 2. What is the units digit of h?
1
Let g(p) = -2*p + 8. Let x be g(4). Let f(r) = r**3 - r**2 - 3*r + 3. Let b be f(2). Suppose -2*t + t + b = x. What is the units digit of t?
1
Let v(y) = 21*y**2 + y. What is the tens digit of v(-1)?
2
Let g(c) = c**3 - 2*c**2 - 2. Let t be g(3). Suppose n = m, -2*n - m + 22 = t. Suppose -2*x - 30 = -n*x. What is the tens digit of x?
1
Let x = 23 + 7. What is the tens digit of x?
3
Let c(m) = m**2 - 4*m + 4. Let q(a) = -a**2 + 6*a + 8. Let v be q(6). What is the tens digit of c(v)?
3
Suppose 4*i + 54 = l, 154 = 3*l - 0*i - 4*i. What is the tens digit of l?
5
What is the tens digit of (28/2 - -1)/(17/51)?
4
Suppose -17 = -3*n + 55. Suppose 2*k = -6, -5*r = -k - 14 - n. Suppose -r = 3*j - 4*j + 2*a, 2*j + 4*a = -2. What is the units digit of j?
3
Let i be ((-4)/3)/(6/(-171)). Suppose -4*h = -i + 10. What is the units digit of 15 - h - (1 - 3)?
0
Let y(u) = u. Let v be y(5). Suppose 0 = v*f - 0*f - 80. Suppose r + 3*r = f. What is the units digit of r?
4
Let d(n) = n**3 + 4*n**2 - 2*n - 3. Let r(h) = -h**2 + 2*h + 4. Let z be r(3). Suppose 0 = -3*w + z - 13. What is the units digit of d(w)?
5
Let j(p) = p - 1. Let s(l) = -l**3 - 3*l**2 + 5*l + 4. Let n be s(-4). Let a be j(n). What is the tens digit of a/(2 - (-29)/(-14))?
1
Let j = 447 + -130. What is the hundreds digit of j?
3
Let r(z) = z**2 + 3*z - 2. Let d be r(-4). Let s(g) = g - 2. Let m be s(d). Suppose -5*k + 10 = -u, -3*k + 2*u + u + 18 = m. What is the units digit of k?
1
Let k be (0/1)/((-16)/(-8)). Suppose -25 = -f + 6*f - 3*i, -4*i + 10 = 5*f. What is the units digit of -1*(k + f) - -5?
7
What is the tens digit of ((-368)/24)/((-2)/9)?
6
Let p(l) = -l - 4. Let c be p(-4). Let s(j) = j**3 - j**2 - j + 2. Let t be s(c). What is the units digit of (-5)/t*(-8)/5?
4
What is the tens digit of -3 - -4 - (4 - 59)?
5
Let r = -5 - -6. Let k(a) = 0 + r - 2*a + 0*a + a. What is the units digit of k(-2)?
3
Suppose 3*t = 150 - 45. What is the tens digit of t?
3
Let x = -13 + 19. What is the units digit of x?
6
Suppose 0 = 2*b + 31 - 47. What is the units digit of b?
8
Let l(w) = w**2 - 6*w - 9. Let s be l(8). Let q = -4 + s. Suppose m + 2*t = -2*m + 37, -q*m = 5*t - 52. What is the units digit of m?
9
Let p(i) = 2*i + i - 2 + 4*i**3 - 2*i**3 - 5*i + 2*i**2. Let m be p(2). Suppose 5*x = w + m, -4*w + x + 0*x + 4 =